+ 156, -j + 116 = -4*t. Let m = t - -43. What is the remainder when m is divided by i(2)?
7
Let f(n) = n**2 + 6. Let y(z) = -10*z - 68. Let d be y(-8). Suppose -3*m - 16 = -s, -s + d + 4 = m. What is the remainder when s is divided by f(0)?
4
Let w be 2/3 + (-30)/18. What is the remainder when 891/(-22)*(-2)/3 is divided by 8 + w/(-1) + (-28)/14?
6
Let w(h) = -h**3 + 7*h**2 - 14*h + 49. Let c be w(6). Calculate the remainder when (c/3)/((48/(-567))/(-16)) is divided by 23.
17
Let q = -87632 + 87670. Let i = 23 + 201. Calculate the remainder when i is divided by q.
34
Let n = -223 - -233. Suppose 0 = f - n*f + 1143. Calculate the remainder when f is divided by 10.
7
Let p = 721 - 27. Suppose -9*s + 971 = -p. What is the remainder when s is divided by 16?
9
Let z(y) = 4*y**2 - 3*y + 9. Let b be z(-4). Suppose b*c + 460 = 86*c. What is the remainder when c is divided by 33?
31
Suppose 9*k - 3424 = -7*k. Let c = k - 116. Let p = -84 + c. What is the remainder when 67 is divided by p?
11
Let h = -5129 - -5156. Calculate the remainder when 410 is divided by h.
5
Let h(x) = -2*x**3 - x + 2. Let f be h(-3). Suppose 0 = n - 3*r - 160, -n + f = r - 85. What is the remainder when n is divided by 50?
48
Let t = -11512 + 11604. What is the remainder when t is divided by 27?
11
Suppose 5*x + 51 + 39 = 5*m, 85 = 5*m - 4*x. Let l = 14 + m. Let d(r) = -r**3 - 15*r**2 - 37*r - 2. Calculate the remainder when l is divided by d(-12).
7
Suppose -21*s + 188206 = 126*s - 523862. What is the remainder when s is divided by 13?
8
Let r = -11 - -39. What is the remainder when ((-16)/8 - -4)/(-4 + (-792)/(-196)) is divided by r?
21
Let l(z) = -z**2 - 3*z + 11. Let r be l(10). Let h = r - -200. Calculate the remainder when h is divided by (-99)/(-6) + (-3)/(-6).
13
Suppose -4*b + 26 + 84 = 2*n, 205 = 3*n - 4*b. Let r = 4262 + -4241. Calculate the remainder when n is divided by r.
0
Suppose -334*q + 5350 = 2*c - 337*q, 3*c = -5*q + 8006. What is the remainder when c is divided by 81?
80
Suppose -37323 = -88*z + z. Calculate the remainder when z is divided by 73.
64
Let f = -11747 - -12635. What is the remainder when f is divided by 436?
16
Suppose -10*h + 19 + 51 = 0. Let t(i) = -3*i - 9. Suppose 3*v = -3 - 9. What is the remainder when h is divided by t(v)?
1
Let o(l) = 15*l + 323. Let a be o(-21). Suppose -10*u = -a*u - 154. What is the remainder when 456 is divided by u?
71
Let t(j) = 4*j + 1. Let f = 767 - 723. Suppose 0 = f*i - 51*i + 301. Calculate the remainder when i is divided by t(4).
9
Suppose -4*z = -z - 138. Let t(g) = g**2 + 2*g - 3. Let h = 299 - 296. What is the remainder when z is divided by t(h)?
10
Let h = 6 - -10. Suppose 0 = 2*d - 7*d + 5. What is the remainder when (h/(-6))/((-320)/30 - -10) is divided by d?
0
Let c(y) = 309*y + 5. What is the remainder when c(20) is divided by 34?
31
Suppose 25931 = 73*y + 25055. Suppose -3*v - 176 + 29 = 0. Let c = 83 + v. Calculate the remainder when c is divided by y.
10
Let h(y) = -4*y**2 + 11*y - 5. Let x(r) = -4*r**2 + 12*r - 6. Let g(f) = -3*h(f) + 2*x(f). Calculate the remainder when 80 is divided by g(3).
8
Suppose 0 = -w + 5*w + 28. Suppose 4*m - 112 = -4. Calculate the remainder when m is divided by 40/(-4 + 2)*w/14.
7
Let a(w) = 4*w - 104. What is the remainder when 141/(-6)*(-2)/1 is divided by a(27)?
3
Let c(q) = -2*q**2 - 15*q + 111. Calculate the remainder when 125 is divided by c(0).
14
Let r = 3 - -2. Suppose -19 = 2*o - 3*c - 0*c, 4*c - 37 = 5*o. Calculate the remainder when 2/o*(-150)/r is divided by 5.
2
Let l(y) = 616*y + 27. Let q be l(5). Suppose -19*x + 6*x = -q. Calculate the remainder when x is divided by 61.
56
Suppose -2*n - 34 = -3*n. Let s(v) = 94*v**2 - 638*v - 637. Calculate the remainder when s(-1) is divided by n.
27
Let h(s) = -s**3 - 5*s**2 - 3. Let o = 605 - 512. Suppose 8*k - o = 3. What is the remainder when h(-6) is divided by k?
9
Let x(l) = -4*l**3 + 139*l**2 + 67*l - 24. Calculate the remainder when 4393 is divided by x(35).
9
Suppose 76 = 5*p - 24. Let m(l) = -l**2 + 9*l + 1. Let h be m(9). Let c(f) = 6*f**3 + f**2 + 2*f - 2. Calculate the remainder when p is divided by c(h).
6
Let p(n) = -n**3 + 16*n**2 - 72*n + 596. What is the remainder when p(13) is divided by 86?
81
Let g = 363 - -45. Suppose g = -84*o + 92*o. Calculate the remainder when 148 is divided by o.
46
Let v(j) = 122*j + 1479. What is the remainder when 155 is divided by v(-11)?
18
Suppose 5*w - 53 - 213 = 6*g, -4*w - 4*g = -248. Calculate the remainder when (-1)/3 - ((-679)/3 - 1) is divided by w.
53
Let r = -168 + 174. Let k = 419 - 413. What is the remainder when r is divided by k?
0
Suppose 44*z = 50*z - 198. What is the remainder when 108 + (0 - 3)/((-5)/(-5)) is divided by z?
6
Let b = -331 - -363. Suppose b*d = 42*d - 550. Suppose -3*h + 25 = -20. What is the remainder when d is divided by h?
10
Suppose 3*q - 11 - 7 = -5*m, 5*q = 3*m - 4. Let o(s) = -59*s - 218. Let f be o(-4). Suppose f = m*i - 96. Calculate the remainder when 225 is divided by i.
35
Let m = 41 - -112. Calculate the remainder when m is divided by 4 + 24 + 1 + -2.
18
Suppose -3*b + 4*b + i - 20 = 0, 2*b + 3*i = 47. What is the remainder when 2573 is divided by b?
12
Let t = -500 - -500. Suppose t = 3*d - 3*q - 735, 202 + 37 = d + q. What is the remainder when d is divided by 29?
10
Let k = 141 - 139. Suppose m + 5*y = -k*m + 35, 4*m = 3*y + 37. What is the remainder when 3/(-2)*34/(-3) is divided by m?
7
Calculate the remainder when (-8 + (-13824)/42)/(12/(-42)) is divided by 26.
10
Let h = -7 + 34. Suppose -226 - 52 = -4*g - d, 3*d - 134 = -2*g. Suppose 0 = -35*p + 280 - g. What is the remainder when h is divided by p?
3
Let g = -7455 + 7790. Calculate the remainder when g is divided by 115.
105
Let t be 141/(-12) + (-3)/(-4). Let a(k) = k**2 + 5*k - 21. Suppose 3*y = 5*z - 0*y - 100, 4*y + 49 = 3*z. Calculate the remainder when a(t) is divided by z.
22
Let g = 171 + -166. Let u(k) be the second derivative of k**5/20 + k**4 - 5*k**3/2 - 10*k. Calculate the remainder when u(-13) is divided by g.
1
Let o = -2756 + 2766. Let c = 136 - 55. Suppose -v - c = -3*w + w, 0 = -4*w - 3*v + 137. What is the remainder when w is divided by o?
8
Let c = -33 - -142. Let k be ((-459)/(-6))/((-36)/48). Let h = c + k. What is the remainder when 33 is divided by h?
5
Let h(k) = k**3 + 8*k**2 - 4*k + 6. Let q be h(-5). Let j = -46 + q. Suppose 5*y - j = 30. What is the remainder when y is divided by 9?
8
Calculate the remainder when 1154 is divided by ((-1375)/(-15) - 3) + 4/12.
86
Let h(p) = p**2 + 12*p - 24. Let v be h(-14). Suppose -y = -3*a - 7, -a = -y - v*y + 21. What is the remainder when 11 is divided by y?
3
Suppose 409*h + 45032 = 435*h. What is the remainder when h is divided by 109?
97
Let c(h) = 3*h + 81. Suppose -2*f - 26 = 18. What is the remainder when 46 is divided by c(f)?
1
Suppose 33332 = -2*s + 54*s. What is the remainder when s is divided by 210?
11
What is the remainder when 255 is divided by (3/(-18) - (-170)/(-6))/(3/(-26))?
8
Calculate the remainder when ((6 - 0) + 73)*2 is divided by (-1227)/(-33) - (-4)/(-22).
10
Let t(g) = -10*g**2 + 313*g + 72. Calculate the remainder when 631 is divided by t(31).
136
Let z(m) = -2*m**2 - 40*m + 12. Calculate the remainder when 1365 is divided by z(-13).
7
What is the remainder when 110 is divided by (-13)/(-7) + -2 + (7 - (-406)/98)?
0
Let l(g) = g**3 - 5*g**2 + 5*g + 1. Let d(i) = -i**3 - 54*i**2 + 706*i - 548. What is the remainder when d(-65) is divided by l(4)?
2
Let m = 2133 - 2104. What is the remainder when 2346 is divided by m?
26
Let k = -144 + 146. Suppose -30 = -k*p + 8. Calculate the remainder when p is divided by (-23)/(-5) + (-2)/(-5).
4
Suppose -71*t = -67*t - 28. Suppose -701 = -7*f - 274. Let k = f - t. What is the remainder when k is divided by 14?
12
Calculate the remainder when (-3)/((2 + (-258)/128)/(134/268)) is divided by 37.
22
Let w(g) = -g. Let c(k) = 31*k + 162. Let t(u) = c(u) + 2*w(u). What is the remainder when t(20) is divided by 62?
60
Let n(z) = -z**3 + 18*z**2 - 17*z + 42. Let r be n(17). Suppose 0 = -r*x + 39*x + 36. Let p(v) = -13*v + 2. Calculate the remainder when p(-3) is divided by x.
5
Let f(c) = 151*c - 1222. What is the remainder when f(18) is